2491?
2
What is the hundred thousands digit of 928516432?
5
What is the hundreds digit of 63642560?
5
What is the thousands digit of 72548292?
8
What is the billions digit of 1970833162?
1
What is the units digit of 2531304106?
6
What is the thousands digit of 46432312?
2
What is the billions digit of 1662285675?
1
What is the thousands digit of 1534428760?
8
What is the hundred thousands digit of 460541564?
5
What is the hundred thousands digit of 730440628?
4
What is the millions digit of 3808778423?
8
What is the hundred thousands digit of 423065535?
0
What is the ten thousands digit of 60457612?
5
What is the units digit of 26326484?
4
What is the hundred millions digit of 1620747563?
6
What is the ten thousands digit of 243893960?
9
What is the tens digit of 313147860?
6
What is the hundred thousands digit of 590944243?
9
What is the units digit of 135888680?
0
What is the millions digit of 103787783?
3
What is the hundreds digit of 113015272?
2
What is the hundreds digit of 1726544077?
0
What is the millions digit of 332017931?
2
What is the millions digit of 538564279?
8
What is the ten thousands digit of 3098891796?
9
What is the ten millions digit of 995959381?
9
What is the hundreds digit of 35540737?
7
What is the hundred thousands digit of 2336239644?
2
What is the hundreds digit of 91002244?
2
What is the tens digit of 2663694080?
8
What is the units digit of 91013321?
1
What is the hundred millions digit of 150942818?
1
What is the tens digit of 52562715?
1
What is the tens digit of 25375501?
0
What is the units digit of 1310534376?
6
What is the thousands digit of 235331806?
1
What is the hundreds digit of 69339830?
8
What is the thousands digit of 6464912376?
2
What is the tens digit of 459868013?
1
What is the millions digit of 32792946?
2
What is the hundred thousands digit of 2344635035?
6
What is the units digit of 9541440?
0
What is the hundred millions digit of 189219598?
1
What is the ten millions digit of 381280460?
8
What is the millions digit of 221697838?
1
What is the hundreds digit of 891988335?
3
What is the ten thousands digit of 1507608004?
0
What is the hundred thousands digit of 53876009?
8
What is the hundred millions digit of 113861198?
1
What is the thousands digit of 107109144?
9
What is the ten thousands digit of 48000084?
0
What is the millions digit of 337561951?
7
What is the tens digit of 34382334?
3
What is the hundred thousands digit of 1541697755?
6
What is the hundred thousands digit of 727824445?
8
What is the ten thousands digit of 383628372?
2
What is the hundreds digit of 1900516636?
6
What is the thousands digit of 5850101?
0
What is the hundreds digit of 64526153?
1
What is the thousands digit of 1443930932?
0
What is the units digit of 975681659?
9
What is the millions digit of 40609080?
0
What is the units digit of 682802835?
5
What is the thousands digit of 1738038647?
8
What is the hundreds digit of 142875028?
0
What is the ten millions digit of 70628095?
7
What is the millions digit of 201541585?
1
What is the thousands digit of 1547288654?
8
What is the ten thousands digit of 2732400617?
0
What is the hundreds digit of 4931596?
5
What is the millions digit of 1646585509?
6
What is the ten thousands digit of 409582067?
8
What is the millions digit of 430298606?
0
What is the millions digit of 171327016?
1
What is the units digit of 12823919?
9
What is the tens digit of 5357409?
0
What is the hundred millions digit of 237398327?
2
What is the tens digit of 25143587?
8
What is the tens digit of 122169597?
9
What is the tens digit of 5450078136?
3
What is the thousands digit of 38630227?
0
What is the tens digit of 1455683937?
3
What is the tens digit of 2488001696?
9
What is the thousands digit of 665669866?
9
What is the thousands digit of 2031970942?
0
What is the hundred thousands digit of 533563296?
5
What is the hundreds digit of 68460057?
0
What is the thousands digit of 11431494?
1
What is the ten millions digit of 355786510?
5
What is the hundreds digit of 17665366?
3
What is the tens digit of 252273962?
6
What is the hundreds digit of 36753735?
7
What is the tens digit of 751289380?
8
What is the ten millions digit of 31502071?
3
What is the ten thousands digit of 209131125?
3
What is the hundred millions digit of 1901719593?
9
What is the ten thousands digit of 11094853?
9
What is the hundreds digit of 417322403?
4
What is the billions digit of 4303183192?
4
What is the hundred thousands digit of 42401800?
4
What is the ten millions digit of 12286181?
1
What is the hundreds digit of 941830572?
5
What is the units digit of 991273910?
0
What is the hundreds digit of 403751782?
7
What is the hundred thousands digit of 621531472?
5
What is the ten thousands digit of 3204432556?
3
What is the hundred thousands digit of 786455407?
4
What is the ten thousands digit of 1268428894?
2
What is the ten millions digit of 187739996?
8
What is the tens digit of 258499875?
7
What is the hundred thousands digit of 607947374?
9
What is the thousands digit of 2435118671?
8
What is the units digit of 119846344?
4
What is the millions digit of 1035280083?
5
What is the tens digit of 13881903?
0
What is the hundred thousands digit of 1236743155?
7
What is the tens digit of 2327875114?
1
What is the hundred thousands digit of 79933361?
9
What is the ten thousands digit of 643782977?
8
What is the ten thousands digit of 225962779?
6
What is the hundreds digit of 94175008?
0
What is the millions digit of 29181349?
9
What is the millions digit of 1214979152?
4
What is the hundred thousands digit of 1748444699?
4
What is the tens digit of 173370489?
8
What is the hundred thousands digit of 383436523?
4
What is the millions digit of 78917343?
8
What is the ten millions digit of 4405019987?
0
What is the units digit of 290501032?
2
What is the hundred thousands digit of 330368778?
3
What is the millions digit of 77552652?
7
What is the ten millions digit of 101590721?
0
What is the thousands digit of 1637614541?
4
What is the ten millions digit of 424821990?
2
What is the ten thousands digit of 1261681805?
8
What is the ten millions digit of 350089145?
5
What is the ten thousands digit of 163138?
6
What is the tens digit of 58417863?
6
What is the hundred millions digit of 939313409?
9
What is the hundred millions digit of 1681530064?
6
What is the hundred thousands digit of 51384232?
3
What is the units digit of 431077455?
5
What is the hundred thousands digit of 9750414?
7
What is the units digit of 1001255445?
5
What is the ten thousands digit of 1463282541?
8
What is the units digit of 2643349166?
6
What is the hundreds digit of 438325883?
8
What is the ten millions digit of 16063638?
1
What is the millions digit of 5241425873?
1
What is the ten thousands digit of 141127223?
2
What is the units digit of 44325572?
2
What is the units digit of 88127364?
4
What is the thousands digit of 41863554?
3
What is the hundred thousands digit of 1111710807?
7
What is the tens digit of 260972800?
0
What is the units digit of 88474827?
7
What is the ten thousands digit of 230341261?
4
What is the thousands digit of 439888095?
8
What is the ten millions digit of 309104310?
0
What is the millions digit of 1794980722?
4
What is the hundred thousands digit of 151129472?
1
What is the thousands digit of 132657380?
7
What is the ten millions digit of 21427416?
2
What is the ten thousands digit of 103276995?
7
What is the units digit of 154321618?
8
What is the units digit of 574888740?
0
What is the hundred thousands digit of 99972078?
9
What is the hundreds digit of 2488358494?
4
What is the ten thousands digit of 208290735?
9
What is the units digit of 468480185?
5
What is the hundred millions digit of 3051866906?
0
What is the ten thousands digit of 5397530343?
3
What is the millions digit of 28106247?
8
What is the tens digit of 2324490074?
7
What is the hundred millions digit of 1941481756?
9
What is the units digit of 165153127?
7
What is the ten millions digit of 1363276277?
6
What is the hundred millions digit of 1947989987?
9
What is the hundreds digit of 1368387236?
2
What is the units digit of 103856940?
0
What is the millions digit of 2146627842?
6
What is the billions digit of 1799473426?
1
What is the te